{"id":25,"date":"2022-12-30T15:31:25","date_gmt":"2022-12-30T15:31:25","guid":{"rendered":"https:\/\/www.rogersound.fi\/?page_id=25"},"modified":"2023-01-03T11:36:01","modified_gmt":"2023-01-03T11:36:01","slug":"ota-yhteytta","status":"publish","type":"page","link":"https:\/\/www.rogersound.fi\/?page_id=25","title":{"rendered":"Ota yhteytt\u00e4"},"content":{"rendered":"\t\t<div data-elementor-type=\"wp-page\" data-elementor-id=\"25\" class=\"elementor elementor-25\">\n\t\t\t\t\t\t<section class=\"elementor-section elementor-top-section elementor-element elementor-element-608866c elementor-section-boxed elementor-section-height-default elementor-section-height-default\" data-id=\"608866c\" data-element_type=\"section\">\n\t\t\t\t\t\t<div class=\"elementor-container elementor-column-gap-default\">\n\t\t\t\t\t<div class=\"elementor-column elementor-col-100 elementor-top-column elementor-element elementor-element-db9b1f2\" data-id=\"db9b1f2\" data-element_type=\"column\">\n\t\t\t<div class=\"elementor-widget-wrap elementor-element-populated\">\n\t\t\t\t\t\t<div class=\"elementor-element elementor-element-e8c92cb elementor-widget elementor-widget-text-editor\" data-id=\"e8c92cb\" data-element_type=\"widget\" data-widget_type=\"text-editor.default\">\n\t\t\t\t<div class=\"elementor-widget-container\">\n\t\t\t\t\t\t\t\t\t<div class=\"wpforms-container wpforms-container-full\" id=\"wpforms-234\"><form id=\"wpforms-form-234\" class=\"wpforms-validate wpforms-form wpforms-ajax-form\" data-formid=\"234\" method=\"post\" enctype=\"multipart\/form-data\" action=\"\/index.php?rest_route=%2Fwp%2Fv2%2Fpages%2F25\" data-token=\"760213fb5236fd6fcd2ed0809cc5f219\" data-token-time=\"1777605368\"><noscript class=\"wpforms-error-noscript\">Please enable JavaScript in your browser to complete this form.<\/noscript><div class=\"wpforms-field-container\"><div id=\"wpforms-234-field_0-container\" class=\"wpforms-field wpforms-field-name\" data-field-id=\"0\"><label class=\"wpforms-field-label\" for=\"wpforms-234-field_0\">Nimi <span class=\"wpforms-required-label\">*<\/span><\/label><div class=\"wpforms-field-row wpforms-field-medium\"><div class=\"wpforms-field-row-block wpforms-first wpforms-one-half\"><input type=\"text\" id=\"wpforms-234-field_0\" class=\"wpforms-field-name-first wpforms-field-required\" name=\"wpforms[fields][0][first]\" placeholder=\"Etunimi\" required><label for=\"wpforms-234-field_0\" class=\"wpforms-field-sublabel after wpforms-sublabel-hide\">First<\/label><\/div><div class=\"wpforms-field-row-block wpforms-one-half\"><input type=\"text\" id=\"wpforms-234-field_0-last\" class=\"wpforms-field-name-last wpforms-field-required\" name=\"wpforms[fields][0][last]\" placeholder=\"Sukunimi\" required><label for=\"wpforms-234-field_0-last\" class=\"wpforms-field-sublabel after wpforms-sublabel-hide\">Last<\/label><\/div><\/div><\/div><div id=\"wpforms-234-field_1-container\" class=\"wpforms-field wpforms-field-email\" data-field-id=\"1\"><label class=\"wpforms-field-label\" for=\"wpforms-234-field_1\">S\u00e4hk\u00f6posti <span class=\"wpforms-required-label\">*<\/span><\/label><input type=\"email\" id=\"wpforms-234-field_1\" class=\"wpforms-field-medium wpforms-field-required\" name=\"wpforms[fields][1]\" spellcheck=\"false\" required><\/div><div id=\"wpforms-234-field_2-container\" class=\"wpforms-field wpforms-field-textarea\" data-field-id=\"2\"><label class=\"wpforms-field-label\" for=\"wpforms-234-field_2\">Viesti<\/label><textarea id=\"wpforms-234-field_2\" class=\"wpforms-field-medium\" name=\"wpforms[fields][2]\" ><\/textarea><\/div><\/div><!-- .wpforms-field-container --><div class=\"wpforms-submit-container\" ><input type=\"hidden\" name=\"wpforms[id]\" value=\"234\"><input type=\"hidden\" name=\"page_title\" value=\"\"><input type=\"hidden\" name=\"page_url\" value=\"https:\/\/www.rogersound.fi\/index.php?rest_route=\/wp\/v2\/pages\/25\"><input type=\"hidden\" name=\"url_referer\" value=\"\"><button type=\"submit\" name=\"wpforms[submit]\" id=\"wpforms-submit-234\" class=\"wpforms-submit\" data-alt-text=\"L\u00e4hett\u00e4\u00e4...\" data-submit-text=\"L\u00e4het\u00e4\" aria-live=\"assertive\" value=\"wpforms-submit\">L\u00e4het\u00e4<\/button><img decoding=\"async\" src=\"https:\/\/www.rogersound.fi\/wp-content\/plugins\/wpforms-lite\/assets\/images\/submit-spin.svg\" class=\"wpforms-submit-spinner\" style=\"display: none;\" width=\"26\" height=\"26\" alt=\"Loading\"><\/div><\/form><\/div>  <!-- .wpforms-container -->\t\t\t\t\t\t\t\t<\/div>\n\t\t\t\t<\/div>\n\t\t\t\t\t<\/div>\n\t\t<\/div>\n\t\t\t\t\t<\/div>\n\t\t<\/section>\n\t\t\t\t<section class=\"elementor-section elementor-top-section elementor-element elementor-element-1197cae elementor-section-boxed elementor-section-height-default elementor-section-height-default\" data-id=\"1197cae\" data-element_type=\"section\">\n\t\t\t\t\t\t<div class=\"elementor-container elementor-column-gap-default\">\n\t\t\t\t\t<div class=\"elementor-column elementor-col-100 elementor-top-column elementor-element elementor-element-0279a93\" data-id=\"0279a93\" data-element_type=\"column\">\n\t\t\t<div class=\"elementor-widget-wrap elementor-element-populated\">\n\t\t\t\t\t\t<div class=\"elementor-element elementor-element-8bdee72 elementor-widget elementor-widget-text-editor\" data-id=\"8bdee72\" data-element_type=\"widget\" data-widget_type=\"text-editor.default\">\n\t\t\t\t<div class=\"elementor-widget-container\">\n\t\t\t\t\t\t\t\t\t<p><strong>Oy Rogersound Ab<\/strong><br \/>c\/o Kimmo Kaunisto<br \/>Puutarhakatu 5<br \/>67100 Kokkola<br \/><br \/>Y-tunnus: 2062217-3<br \/><br \/>Tel. 050 558 6838<br \/>Email: <a href=\"mailto:myynti@rogersound.fi\">myynti@rogersound.fi<\/a><\/p>\t\t\t\t\t\t\t\t<\/div>\n\t\t\t\t<\/div>\n\t\t\t\t\t<\/div>\n\t\t<\/div>\n\t\t\t\t\t<\/div>\n\t\t<\/section>\n\t\t\t\t<\/div>\n\t\t","protected":false},"excerpt":{"rendered":"<p>Oy Rogersound Abc\/o Kimmo KaunistoPuutarhakatu 567100 Kokkola Y-tunnus: 2062217-3 Tel. 050 558 6838Email: myynti@rogersound.fi<\/p>\n","protected":false},"author":1,"featured_media":0,"parent":0,"menu_order":0,"comment_status":"closed","ping_status":"closed","template":"","meta":{"neve_meta_sidebar":"","neve_meta_container":"","neve_meta_enable_content_width":"","neve_meta_content_width":0,"neve_meta_title_alignment":"","neve_meta_author_avatar":"","neve_post_elements_order":"","neve_meta_disable_header":"","neve_meta_disable_footer":"","neve_meta_disable_title":"","footnotes":""},"class_list":["post-25","page","type-page","status-publish","hentry"],"yoast_head":"<!-- This site is optimized with the Yoast SEO plugin v26.7 - https:\/\/yoast.com\/wordpress\/plugins\/seo\/ -->\n<title>Ota yhteytt\u00e4 - Rogersound<\/title>\n<meta name=\"robots\" content=\"index, follow, max-snippet:-1, max-image-preview:large, max-video-preview:-1\" \/>\n<link rel=\"canonical\" href=\"https:\/\/www.rogersound.fi\/?page_id=25\" \/>\n<meta property=\"og:locale\" content=\"fi_FI\" \/>\n<meta property=\"og:type\" content=\"article\" \/>\n<meta property=\"og:title\" content=\"Ota yhteytt\u00e4 - Rogersound\" \/>\n<meta property=\"og:description\" content=\"Oy Rogersound Abc\/o Kimmo KaunistoPuutarhakatu 567100 Kokkola Y-tunnus: 2062217-3 Tel. 050 558 6838Email: myynti@rogersound.fi\" \/>\n<meta property=\"og:url\" content=\"https:\/\/www.rogersound.fi\/?page_id=25\" \/>\n<meta property=\"og:site_name\" content=\"Rogersound\" \/>\n<meta property=\"article:publisher\" content=\"https:\/\/www.facebook.com\/profile.php?id=100063754443642\" \/>\n<meta property=\"article:modified_time\" content=\"2023-01-03T11:36:01+00:00\" \/>\n<meta name=\"twitter:card\" content=\"summary_large_image\" \/>\n<script type=\"application\/ld+json\" class=\"yoast-schema-graph\">{\"@context\":\"https:\/\/schema.org\",\"@graph\":[{\"@type\":\"WebPage\",\"@id\":\"https:\/\/www.rogersound.fi\/?page_id=25\",\"url\":\"https:\/\/www.rogersound.fi\/?page_id=25\",\"name\":\"Ota yhteytt\u00e4 - Rogersound\",\"isPartOf\":{\"@id\":\"http:\/\/www.rogersound.fi\/#website\"},\"datePublished\":\"2022-12-30T15:31:25+00:00\",\"dateModified\":\"2023-01-03T11:36:01+00:00\",\"breadcrumb\":{\"@id\":\"https:\/\/www.rogersound.fi\/?page_id=25#breadcrumb\"},\"inLanguage\":\"fi\",\"potentialAction\":[{\"@type\":\"ReadAction\",\"target\":[\"https:\/\/www.rogersound.fi\/?page_id=25\"]}]},{\"@type\":\"BreadcrumbList\",\"@id\":\"https:\/\/www.rogersound.fi\/?page_id=25#breadcrumb\",\"itemListElement\":[{\"@type\":\"ListItem\",\"position\":1,\"name\":\"Etusivu\",\"item\":\"http:\/\/www.rogersound.fi\/\"},{\"@type\":\"ListItem\",\"position\":2,\"name\":\"Ota yhteytt\u00e4\"}]},{\"@type\":\"WebSite\",\"@id\":\"http:\/\/www.rogersound.fi\/#website\",\"url\":\"http:\/\/www.rogersound.fi\/\",\"name\":\"Rogersound\",\"description\":\"Ohjelma- ja &auml;&auml;nentoistopalveluita jo vuodesta 2006!\",\"publisher\":{\"@id\":\"http:\/\/www.rogersound.fi\/#organization\"},\"potentialAction\":[{\"@type\":\"SearchAction\",\"target\":{\"@type\":\"EntryPoint\",\"urlTemplate\":\"http:\/\/www.rogersound.fi\/?s={search_term_string}\"},\"query-input\":{\"@type\":\"PropertyValueSpecification\",\"valueRequired\":true,\"valueName\":\"search_term_string\"}}],\"inLanguage\":\"fi\"},{\"@type\":\"Organization\",\"@id\":\"http:\/\/www.rogersound.fi\/#organization\",\"name\":\"Oy Rogersound Ab\",\"url\":\"http:\/\/www.rogersound.fi\/\",\"logo\":{\"@type\":\"ImageObject\",\"inLanguage\":\"fi\",\"@id\":\"http:\/\/www.rogersound.fi\/#\/schema\/logo\/image\/\",\"url\":\"https:\/\/www.rogersound.fi\/wp-content\/uploads\/2022\/12\/cropped-Rogersound_logo.jpg\",\"contentUrl\":\"https:\/\/www.rogersound.fi\/wp-content\/uploads\/2022\/12\/cropped-Rogersound_logo.jpg\",\"width\":210,\"height\":56,\"caption\":\"Oy Rogersound Ab\"},\"image\":{\"@id\":\"http:\/\/www.rogersound.fi\/#\/schema\/logo\/image\/\"},\"sameAs\":[\"https:\/\/www.facebook.com\/profile.php?id=100063754443642\"]}]}<\/script>\n<!-- \/ Yoast SEO plugin. -->","yoast_head_json":{"title":"Ota yhteytt\u00e4 - Rogersound","robots":{"index":"index","follow":"follow","max-snippet":"max-snippet:-1","max-image-preview":"max-image-preview:large","max-video-preview":"max-video-preview:-1"},"canonical":"https:\/\/www.rogersound.fi\/?page_id=25","og_locale":"fi_FI","og_type":"article","og_title":"Ota yhteytt\u00e4 - Rogersound","og_description":"Oy Rogersound Abc\/o Kimmo KaunistoPuutarhakatu 567100 Kokkola Y-tunnus: 2062217-3 Tel. 050 558 6838Email: myynti@rogersound.fi","og_url":"https:\/\/www.rogersound.fi\/?page_id=25","og_site_name":"Rogersound","article_publisher":"https:\/\/www.facebook.com\/profile.php?id=100063754443642","article_modified_time":"2023-01-03T11:36:01+00:00","twitter_card":"summary_large_image","schema":{"@context":"https:\/\/schema.org","@graph":[{"@type":"WebPage","@id":"https:\/\/www.rogersound.fi\/?page_id=25","url":"https:\/\/www.rogersound.fi\/?page_id=25","name":"Ota yhteytt\u00e4 - Rogersound","isPartOf":{"@id":"http:\/\/www.rogersound.fi\/#website"},"datePublished":"2022-12-30T15:31:25+00:00","dateModified":"2023-01-03T11:36:01+00:00","breadcrumb":{"@id":"https:\/\/www.rogersound.fi\/?page_id=25#breadcrumb"},"inLanguage":"fi","potentialAction":[{"@type":"ReadAction","target":["https:\/\/www.rogersound.fi\/?page_id=25"]}]},{"@type":"BreadcrumbList","@id":"https:\/\/www.rogersound.fi\/?page_id=25#breadcrumb","itemListElement":[{"@type":"ListItem","position":1,"name":"Etusivu","item":"http:\/\/www.rogersound.fi\/"},{"@type":"ListItem","position":2,"name":"Ota yhteytt\u00e4"}]},{"@type":"WebSite","@id":"http:\/\/www.rogersound.fi\/#website","url":"http:\/\/www.rogersound.fi\/","name":"Rogersound","description":"Ohjelma- ja &auml;&auml;nentoistopalveluita jo vuodesta 2006!","publisher":{"@id":"http:\/\/www.rogersound.fi\/#organization"},"potentialAction":[{"@type":"SearchAction","target":{"@type":"EntryPoint","urlTemplate":"http:\/\/www.rogersound.fi\/?s={search_term_string}"},"query-input":{"@type":"PropertyValueSpecification","valueRequired":true,"valueName":"search_term_string"}}],"inLanguage":"fi"},{"@type":"Organization","@id":"http:\/\/www.rogersound.fi\/#organization","name":"Oy Rogersound Ab","url":"http:\/\/www.rogersound.fi\/","logo":{"@type":"ImageObject","inLanguage":"fi","@id":"http:\/\/www.rogersound.fi\/#\/schema\/logo\/image\/","url":"https:\/\/www.rogersound.fi\/wp-content\/uploads\/2022\/12\/cropped-Rogersound_logo.jpg","contentUrl":"https:\/\/www.rogersound.fi\/wp-content\/uploads\/2022\/12\/cropped-Rogersound_logo.jpg","width":210,"height":56,"caption":"Oy Rogersound Ab"},"image":{"@id":"http:\/\/www.rogersound.fi\/#\/schema\/logo\/image\/"},"sameAs":["https:\/\/www.facebook.com\/profile.php?id=100063754443642"]}]}},"_links":{"self":[{"href":"https:\/\/www.rogersound.fi\/index.php?rest_route=\/wp\/v2\/pages\/25","targetHints":{"allow":["GET"]}}],"collection":[{"href":"https:\/\/www.rogersound.fi\/index.php?rest_route=\/wp\/v2\/pages"}],"about":[{"href":"https:\/\/www.rogersound.fi\/index.php?rest_route=\/wp\/v2\/types\/page"}],"author":[{"embeddable":true,"href":"https:\/\/www.rogersound.fi\/index.php?rest_route=\/wp\/v2\/users\/1"}],"replies":[{"embeddable":true,"href":"https:\/\/www.rogersound.fi\/index.php?rest_route=%2Fwp%2Fv2%2Fcomments&post=25"}],"version-history":[{"count":52,"href":"https:\/\/www.rogersound.fi\/index.php?rest_route=\/wp\/v2\/pages\/25\/revisions"}],"predecessor-version":[{"id":288,"href":"https:\/\/www.rogersound.fi\/index.php?rest_route=\/wp\/v2\/pages\/25\/revisions\/288"}],"wp:attachment":[{"href":"https:\/\/www.rogersound.fi\/index.php?rest_route=%2Fwp%2Fv2%2Fmedia&parent=25"}],"curies":[{"name":"wp","href":"https:\/\/api.w.org\/{rel}","templated":true}]}}